t l be q(-4). Let g = l - -33. Let o = g - -8. Is o composite?
False
Suppose 6*w - 2*w = 8, -3*u + 4*w = -4. Suppose -u*x + 648 = -x. Suppose 4*f - 178 = -2*g - 52, -4*f = -4*g + x. Is g a composite number?
True
Suppose 0 = -0*j - 2*j + 106. Suppose -3*y - j = -170. Is y a composite number?
True
Let o be (-3 - (0 + -6))/1. Suppose -2*y + y - o*v = -38, -3*v + 108 = 3*y. Is y a prime number?
False
Let h(d) = 6*d**2 - d. Let k = -2 + -3. Is h(k) a prime number?
False
Suppose 0 = -l + 6*l + 3*b - 1294, 4*b - 1040 = -4*l. Is l a prime number?
True
Suppose -4*g - 3*n = 2*n - 199, -5*g - 4*n = -260. Let k = g + -18. Is k + -1 + 2 + -2 composite?
False
Let d(o) = -2*o - 1. Let n be d(-3). Let j = -2 + n. Is j a prime number?
True
Is -4*1 + 173 + -8 composite?
True
Let h(g) = -g**3 + 2 - 7*g + 1 + 5 + 9*g**2. Is h(7) a composite number?
True
Is ((-4018)/(-21))/((-6)/(-9)) prime?
False
Let z be (-30)/(-25)*(-10)/(-4). Suppose -631 = -z*h - s, 0 = 4*h + 3*s - 549 - 289. Is h composite?
False
Suppose 3*v + k = -462, 2*v + 4*k + 318 = -0*v. Let a = 77 - v. Is ((-10)/4)/((-5)/a) a prime number?
False
Let h(f) = 7*f**2 - 26. Is h(12) a prime number?
False
Suppose k = -0*k - 4*y + 8, -3*k - y = -35. Is (30/k)/((-1)/(-94)) a composite number?
True
Suppose -2*s = -3*s - 1. Let b be (-1)/s*(-39)/1. Let x = 88 + b. Is x a composite number?
True
Let k(t) = t - 7. Let y be k(7). Suppose -2*o = -3*u + o + 87, -5*o - 20 = y. Is u composite?
True
Let a = -1 + 7. Let x be ((-22)/6)/(2/a). Let b = x - -49. Is b prime?
False
Let o(v) = 0*v + 5 - 2*v**2 + 4*v + 0*v**3 - v**3. Let f be 3*(-2)/(-3) + -6. Is o(f) prime?
False
Let w = 7 - 0. Suppose -w*k + 5*k + 154 = 0. Is k composite?
True
Let c(n) = 5*n**2. Let b be c(1). Suppose -b*o + o = -296. Is o composite?
True
Let r = -18 - -7. Suppose -5*n = -229 - 11. Let p = n + r. Is p prime?
True
Let q = -76 - -165. Suppose -y - 4*y = 2*f - q, -f = 3*y - 46. Is f prime?
True
Let v(i) = 38*i**2 - 1. Let s be (1/(-3))/((-3)/(-9)). Let m = 0 - s. Is v(m) prime?
True
Suppose 0 = 3*h + x + 3*x - 689, 4*x = -h + 235. Let v = h - 43. Suppose -v + 56 = -2*b - 2*d, -b - 5*d = -52. Is b a composite number?
False
Let c(u) = -3*u - 3. Suppose -a = 4*a + 30. Let z be c(a). Let f = z + -8. Is f prime?
True
Suppose -t + 2*t - 1 = 0. Let o = t + 1. Is 0 - -1 - -33*o composite?
False
Suppose 4*w - 2*i - 134 = 0, -4*i = -0*w + 2*w - 92. Suppose 0 = -0*x - 4*x + w. Suppose 6 = d - x. Is d prime?
False
Let y = -11 + 18. Suppose 3*x = y*x. Suppose x*v + 3*v = 165. Is v prime?
False
Suppose 0 = -4*g - d + 92, -g = 3*g + 4*d - 92. Is g a composite number?
False
Suppose -2*t = t + 144. Let j = t - -70. Is j prime?
False
Suppose 5 + 2 = -s. Let i = 8 + s. Is 159 - 0/(-3 + i) prime?
False
Let j(k) = 17*k**2 - 15*k - 5. Let s(c) = 6*c**2 - 5*c - 2. Let p(l) = 4*j(l) - 11*s(l). Let z(n) be the first derivative of p(n). Is z(6) prime?
True
Let g(x) = -8*x**3 - 7*x**2 - 4*x - 2. Is g(-3) a composite number?
False
Let n(j) be the third derivative of 371*j**5/60 + j**4/24 + j**3/6 - j**2. Is n(-1) a prime number?
False
Let d = 4 + -6. Let y(t) = 16*t**2 - 2*t - 1. Is y(d) prime?
True
Let v = 118 - -1015. Is v a prime number?
False
Suppose 3*g = -g. Suppose 0 = 2*v - g*v - 4. Suppose 5*j + v*y - 115 = -y, -4*j + 92 = y. Is j a composite number?
False
Let b be 3/(-12) + (-290)/(-8). Suppose -2*y + 118 = -b. Is y a prime number?
False
Let f(d) = -10*d**2. Let l be f(-1). Let o be (-35)/l - 2/4. Suppose -2*x = -9 - o. Is x prime?
False
Let w(q) = 32*q**2 + 3*q + 12. Is w(-5) composite?
False
Let x be 23/4 - 2/(-8). Suppose 2*y - f = x, 3*y - 5*y + 2 = f. Suppose y*r - 89 = -0*t + 3*t, -5*t + 260 = 5*r. Is r composite?
True
Let k(n) = n**3 - 8*n**2 + 9*n - 10. Let v be k(7). Suppose v*t + 0*t = 20. Suppose -t*l = -l - 100. Is l a prime number?
False
Let f(q) = q**3 - 6*q - 3. Let r be f(5). Let i = 253 - r. Is i prime?
False
Let a(f) = -2*f**3 + 7*f**2 + 2*f + 5. Is a(-6) prime?
True
Let u = -4 - -6. Let g(c) = 5*c**u + 5 + 0*c**2 - 2*c**2 + 5*c. Is g(-4) composite?
True
Let m(g) = 66*g**2 - 2*g - 2. Let k be m(-2). Let q be 15/(-20) - k/8. Let z = 55 - q. Is z prime?
True
Let r = 8 + -6. Suppose -r*y + 2 = 0, -4*w + 34 - 151 = -5*y. Let x = -18 - w. Is x a prime number?
False
Let y(k) be the second derivative of -31*k**3/6 + 5*k**2/2 - 2*k. Is y(-6) a composite number?
False
Let r be 15 - 14 - (36 + 0). Let c = -20 - r. Is c a prime number?
False
Let p(s) = -3*s**2 + 5*s - 4. Let r be p(3). Let z be 38/8 - 4/r. Suppose 2*b = 5*b - 3*k - 42, -3*b + z*k + 40 = 0. Is b prime?
False
Let f(b) = b**2 - 5*b + 9. Let o(q) = -q**2 - q + 2. Let m be o(-3). Let a = 6 - m. Is f(a) a prime number?
True
Let j(f) be the first derivative of -f**4 - 5*f**3/3 + 5*f**2/2 + 5*f + 2. Is j(-4) prime?
False
Suppose -4*q = -336 - 612. Is q a composite number?
True
Suppose -9*r + 11*r = 370. Is r a composite number?
True
Is (791/(-2) - -1)*32/(-48) composite?
False
Let w(r) = -2*r**3 - 4*r**2 - r + 2. Let h be w(-2). Let a(o) = 11*o + 3. Is a(h) a prime number?
True
Let z(u) = u + 3. Let d be z(-9). Let m = d + 7. Let y = m - -5. Is y a composite number?
True
Suppose b - 12 = -42. Let q = 21 - b. Is q a composite number?
True
Suppose -5*q + 160 = -y, y = -q - 3*q + 119. Is q composite?
False
Let m(w) = -w + 4. Let g be m(0). Suppose p + p - 3*l = 25, -2*l + 10 = g*p. Let d = p - -50. Is d a prime number?
False
Suppose -5*i - 6 = -1, -5759 = -5*p + 4*i. Is p a prime number?
True
Let v be 5/5 - (8 - 1). Let p be (-4)/v*9/(-3). Is 56 + (3 + p - 2) a composite number?
True
Is (-1)/(-3)*-3 - -498 prime?
False
Let h = 1322 - 735. Is h prime?
True
Let i = -6 + 4. Let q be i/(0 - (-1)/(-1)). Suppose -q*k = k - 42. Is k composite?
True
Suppose 290 = 2*q - 4*p, -5*p = -4*q + 379 + 213. Suppose -661 + q = -4*b. Is b a prime number?
True
Suppose -1109 - 687 = -4*f. Is f a prime number?
True
Let d = -112 - -236. Suppose -d = o - 5*o. Is o composite?
False
Suppose 5*g + 3*u = 603 + 4636, 0 = 5*u + 10. Is g a composite number?
False
Let a = 169 - 102. Is a a composite number?
False
Let z(q) = -28*q**2 + 4*q - 5. Let b be z(4). Let j = b - -678. Suppose -24 = -5*s + j. Is s a composite number?
False
Let q = 762 + -379. Suppose 3*a - q = -2*z, 0*z - 2*a - 209 = -z. Is z composite?
False
Suppose l = 1, 5*d + 2*l + 5 - 17 = 0. Suppose 0 = 5*w + u - 659, 0 = 4*w + w - d*u - 647. Is w composite?
False
Let x(z) = -43*z. Suppose 5*n + 3 = -7. Is x(n) a composite number?
True
Let p be ((-18)/(-15))/(4/10). Suppose p*s - 3 - 3 = 0. Is s/(2*1/67) a composite number?
False
Suppose -92 = 2*p + 2*p. Let x = -8 - p. Is x a composite number?
True
Suppose 0 = 4*b - 78 - 34. Let h be (b/(-5))/(2/(-25)). Suppose -3*m + h = 2*m. Is m prime?
False
Suppose -n + 88 = -9. Is n composite?
False
Is (-88512)/(-40) - 2/(-10) composite?
False
Let b = 1 + 4. Suppose 437 = 3*s + 4*z, 0*s - 582 = -4*s - b*z. Is s composite?
True
Let n(i) = -i**3 + 3*i**2 + 2*i - 3. Let a be n(3). Let u be 1 + 2/6*a. Suppose u*q = t + 120, -2*q + 2*t + 45 = -77. Is q a composite number?
False
Let d(q) = 6*q**2 - 14*q - 19. Is d(20) a composite number?
True
Suppose 5*h + 3*i = 2*h + 18, -2*i + 9 = h. Suppose h*c - 37 - 122 = 0. Is c composite?
False
Suppose -2*a + 3*a = 6. Suppose a*u - 299 - 415 = 0. Is u prime?
False
Let h = 7 - 6. Is (0 - h)*(-4 + -31) a prime number?
False
Suppose 0 = -0*c - 4*c + 208. Suppose -z = -5*z + c. Is z a prime number?
True
Is 4/4 + (-954)/(-3) a prime number?
False
Let p be (-6)/21 + (-1074)/14. Let d = -35 - p. Suppose u = 3*u - d. Is u a prime number?
False
Suppose -5*a - 102 = 2*f + 18, f + 72 = -3*a. Let s = a + 46. Is s prime?
False
Suppose 2*n + 1095 = -27. Is (-2)/5 + n/(-15) composite?
False
Let l(u) = u**3 - 11*u**2 - 9*u + 9. Suppose f + f - 24 = 0. Let x be l(f). Suppose 3*n - 5*j - 27 = 0, 4*n - x = -n - 5*j. Is n a prime number?
False
Suppose -13 = 4*m - 33. Suppose -m*h + 173 = 8. Is h composite?
True
Let n = 12 + -7. Suppose -21 = -o - n*f, -3*o - 10 = 3*f - 73. Is o a prime number?
False
Let l(j) be the third derivative of j**4/8 - j**3/6 + 2*j**2. Let a be l(2). Suppose a*o - 130 = -0*o. Is o a composite number?
True
Let s be 6 + -1 + (1 - 1). Suppose 7*b - 2*b - s*f - 60 = 0, -2*f = b - 18. Is b p